{"id":24,"date":"2024-04-06T13:01:55","date_gmt":"2024-04-06T12:01:55","guid":{"rendered":"https:\/\/compati.no\/?page_id=24"},"modified":"2024-04-07T17:42:49","modified_gmt":"2024-04-07T16:42:49","slug":"baerekraft-og-sosialt-ansvar","status":"publish","type":"page","link":"https:\/\/compati.no\/?page_id=24","title":{"rendered":"B\u00e6rekraft og Sosialt ansvar"},"content":{"rendered":"\n<div class=\"wp-block-group alignfull has-global-padding is-layout-constrained wp-container-core-group-is-layout-490fa1db wp-block-group-is-layout-constrained\" style=\"padding-top:var(--wp--preset--spacing--50);padding-right:var(--wp--preset--spacing--50);padding-bottom:var(--wp--preset--spacing--50);padding-left:var(--wp--preset--spacing--50)\">\n<div class=\"wp-block-group has-global-padding is-layout-constrained wp-container-core-group-is-layout-650790e1 wp-block-group-is-layout-constrained\">\n<h1 class=\"wp-block-heading has-text-align-center has-x-large-font-size\">V\u00e5rt ansvar din trygghet<\/h1>\n\n\n\n<div style=\"height:1.25rem\" aria-hidden=\"true\" class=\"wp-block-spacer\"><\/div>\n\n\n\n<p class=\"has-text-align-center\">\u00c5 bidra til en mer b\u00e6rekraftig fremtid er en del av v\u00e5rt samfunnsansvar<br><br>I Compati har vi forpliktet oss til FNs b\u00e6rekrafts m\u00e5l og har innrettet v\u00e5r praksis etter prinsippene for god milj\u00f8ledelse<\/p>\n\n\n\n<div style=\"height:1.25rem\" aria-hidden=\"true\" class=\"wp-block-spacer\"><\/div>\n<\/div>\n\n\n\n<div style=\"height:var(--wp--preset--spacing--30)\" aria-hidden=\"true\" class=\"wp-block-spacer\"><\/div>\n<\/div>\n\n\n\n<div class=\"wp-block-group alignfull has-base-2-background-color has-background has-global-padding is-layout-constrained wp-container-core-group-is-layout-669513ed wp-block-group-is-layout-constrained\" style=\"margin-top:0;margin-bottom:0;padding-top:var(--wp--preset--spacing--50);padding-right:var(--wp--preset--spacing--50);padding-bottom:var(--wp--preset--spacing--50);padding-left:var(--wp--preset--spacing--50)\">\n<div class=\"wp-block-group is-vertical is-content-justification-center is-layout-flex wp-container-core-group-is-layout-52b864f0 wp-block-group-is-layout-flex\">\n<h2 class=\"wp-block-heading has-text-align-center is-style-default\">V\u00e5re delm\u00e5l<\/h2>\n\n\n\n<div style=\"height:0px\" aria-hidden=\"true\" class=\"wp-block-spacer wp-container-content-4f2ccadb\"><\/div>\n\n\n\n<p class=\"has-text-align-center\"><strong>Delm\u00e5l 10 <\/strong>&#8211; Mindre ulikhet<\/p>\n\n\n\n<p><strong>Delm\u00e5l 13<\/strong> &#8211; Stoppe klimaendringene<\/p>\n\n\n\n<p><strong>Delm\u00e5l 16<\/strong> &#8211; Fred, rettferdighet og velfungerende institusjoner<\/p>\n<\/div>\n\n\n\n<div style=\"margin-top:0;margin-bottom:0;height:var(--wp--preset--spacing--40)\" aria-hidden=\"true\" class=\"wp-block-spacer\"><\/div>\n\n\n\n<div class=\"wp-block-columns alignwide is-layout-flex wp-container-core-columns-is-layout-d0bbbce0 wp-block-columns-is-layout-flex\">\n<div class=\"wp-block-column is-layout-flow wp-container-core-column-is-layout-e3d1c41b wp-block-column-is-layout-flow\">\n<h3 class=\"wp-block-heading has-text-align-left is-style-default has-body-font-family has-medium-font-size\" style=\"font-style:normal;font-weight:600\">Delm\u00e5l 10<\/h3>\n\n\n\n<p><a href=\"https:\/\/fn.no\/om-fn\/fns-baerekraftsmaal\/mindre-ulikhet\">Mindre ulikhet (fn.no)<\/a><\/p>\n\n\n\n<p><\/p>\n<\/div>\n\n\n\n<div class=\"wp-block-column is-layout-flow wp-container-core-column-is-layout-e3d1c41b wp-block-column-is-layout-flow\">\n<h3 class=\"wp-block-heading has-text-align-left is-style-default has-body-font-family has-medium-font-size\" style=\"font-style:normal;font-weight:600\">Delm\u00e5l 13<\/h3>\n\n\n\n<p><a href=\"https:\/\/fn.no\/om-fn\/fns-baerekraftsmaal\/stoppe-klimaendringene\">Stoppe klimaendringene (fn.no)<\/a><\/p>\n\n\n\n<p><\/p>\n<\/div>\n\n\n\n<div class=\"wp-block-column is-layout-flow wp-container-core-column-is-layout-e3d1c41b wp-block-column-is-layout-flow\">\n<h3 class=\"wp-block-heading has-text-align-left is-style-default has-body-font-family has-medium-font-size\" style=\"font-style:normal;font-weight:600\">Delm\u00e5l 16<\/h3>\n\n\n\n<p><a href=\"https:\/\/fn.no\/om-fn\/fns-baerekraftsmaal\/fred-rettferdighet-og-velfungerende-institusjoner\">Fred, rettferdighet og velfungerende institusjoner (fn.no)<\/a><\/p>\n<\/div>\n<\/div>\n\n\n\n<div style=\"height:var(--wp--preset--spacing--20)\" aria-hidden=\"true\" class=\"wp-block-spacer\"><\/div>\n\n\n\n<div class=\"wp-block-columns alignwide is-layout-flex wp-container-core-columns-is-layout-d0bbbce0 wp-block-columns-is-layout-flex\">\n<div class=\"wp-block-column is-layout-flow wp-container-core-column-is-layout-e3d1c41b wp-block-column-is-layout-flow\">\n<h3 class=\"wp-block-heading has-text-align-left is-style-default has-body-font-family has-medium-font-size\" style=\"font-style:normal;font-weight:600\">B\u00e6rekraftsansvarlig <\/h3>\n\n\n\n<p class=\"has-text-align-left\">Daglig leder Compati<\/p>\n<\/div>\n\n\n\n<div class=\"wp-block-column is-layout-flow wp-container-core-column-is-layout-e3d1c41b wp-block-column-is-layout-flow\">\n<h3 class=\"wp-block-heading has-text-align-left is-style-default has-body-font-family has-medium-font-size\" style=\"font-style:normal;font-weight:600\">Milj\u00f8ledelse<\/h3>\n\n\n\n<p class=\"has-text-align-left\">Compati jobber etter regler for god milj\u00f8ledelse<\/p>\n<\/div>\n\n\n\n<div class=\"wp-block-column is-layout-flow wp-container-core-column-is-layout-e3d1c41b wp-block-column-is-layout-flow\">\n<h3 class=\"wp-block-heading has-text-align-left is-style-default has-body-font-family has-medium-font-size\" style=\"font-style:normal;font-weight:600\">&#8211;<\/h3>\n\n\n\n<p class=\"has-text-align-left\"><\/p>\n<\/div>\n<\/div>\n<\/div>\n\n\n\n<div class=\"wp-block-group alignfull has-global-padding is-layout-constrained wp-container-core-group-is-layout-d89aad35 wp-block-group-is-layout-constrained\" style=\"margin-top:0;margin-bottom:0;padding-top:var(--wp--preset--spacing--50);padding-right:var(--wp--preset--spacing--50);padding-bottom:var(--wp--preset--spacing--50);padding-left:var(--wp--preset--spacing--50)\"><\/div>\n","protected":false},"excerpt":{"rendered":"<p>V\u00e5rt ansvar din trygghet \u00c5 bidra til en mer b\u00e6rekraftig fremtid er en del av v\u00e5rt samfunnsansvar I Compati har vi forpliktet oss til FNs b\u00e6rekrafts m\u00e5l og har innrettet v\u00e5r praksis etter prinsippene for god milj\u00f8ledelse V\u00e5re delm\u00e5l Delm\u00e5l 10 &#8211; Mindre ulikhet Delm\u00e5l 13 &#8211; Stoppe klimaendringene Delm\u00e5l 16 &#8211; Fred, rettferdighet og [&hellip;]<\/p>\n","protected":false},"author":1,"featured_media":61,"parent":0,"menu_order":0,"comment_status":"closed","ping_status":"closed","template":"","meta":{"footnotes":""},"class_list":["post-24","page","type-page","status-publish","has-post-thumbnail","hentry"],"_links":{"self":[{"href":"https:\/\/compati.no\/index.php?rest_route=\/wp\/v2\/pages\/24","targetHints":{"allow":["GET"]}}],"collection":[{"href":"https:\/\/compati.no\/index.php?rest_route=\/wp\/v2\/pages"}],"about":[{"href":"https:\/\/compati.no\/index.php?rest_route=\/wp\/v2\/types\/page"}],"author":[{"embeddable":true,"href":"https:\/\/compati.no\/index.php?rest_route=\/wp\/v2\/users\/1"}],"replies":[{"embeddable":true,"href":"https:\/\/compati.no\/index.php?rest_route=%2Fwp%2Fv2%2Fcomments&post=24"}],"version-history":[{"count":4,"href":"https:\/\/compati.no\/index.php?rest_route=\/wp\/v2\/pages\/24\/revisions"}],"predecessor-version":[{"id":62,"href":"https:\/\/compati.no\/index.php?rest_route=\/wp\/v2\/pages\/24\/revisions\/62"}],"wp:featuredmedia":[{"embeddable":true,"href":"https:\/\/compati.no\/index.php?rest_route=\/wp\/v2\/media\/61"}],"wp:attachment":[{"href":"https:\/\/compati.no\/index.php?rest_route=%2Fwp%2Fv2%2Fmedia&parent=24"}],"curies":[{"name":"wp","href":"https:\/\/api.w.org\/{rel}","templated":true}]}}

Bærekraft og Sosialt ansvar

<div class="wp-block-group alignfull has-global-padding is-layout-constrained wp-container-core-group-is-layout-490fa1db wp-block-group-is-layout-constrained" style="padding-top:var(--wp--preset--spacing--50);padding-right:var(--wp--preset--spacing--50);padding-bottom:var(--wp--preset--spacing--50);padding-left:var(--wp--preset--spacing--50)">
<div class="wp-block-group has-global-padding is-layout-constrained wp-container-core-group-is-layout-650790e1 wp-block-group-is-layout-constrained">
<h1 class="wp-block-heading has-text-align-center has-x-large-font-size">Vårt ansvar din trygghet</h1>



<div style="height:1.25rem" aria-hidden="true" class="wp-block-spacer"></div>



<p class="has-text-align-center">Å bidra til en mer bærekraftig fremtid er en del av vårt samfunnsansvar<br><br>I Compati har vi forpliktet oss til FNs bærekrafts mål og har innrettet vår praksis etter prinsippene for god miljøledelse</p>



<div style="height:1.25rem" aria-hidden="true" class="wp-block-spacer"></div>
</div>



<div style="height:var(--wp--preset--spacing--30)" aria-hidden="true" class="wp-block-spacer"></div>
</div>



<div class="wp-block-group alignfull has-base-2-background-color has-background has-global-padding is-layout-constrained wp-container-core-group-is-layout-669513ed wp-block-group-is-layout-constrained" style="margin-top:0;margin-bottom:0;padding-top:var(--wp--preset--spacing--50);padding-right:var(--wp--preset--spacing--50);padding-bottom:var(--wp--preset--spacing--50);padding-left:var(--wp--preset--spacing--50)">
<div class="wp-block-group is-vertical is-content-justification-center is-layout-flex wp-container-core-group-is-layout-52b864f0 wp-block-group-is-layout-flex">
<h2 class="wp-block-heading has-text-align-center is-style-default">Våre delmål</h2>



<div style="height:0px" aria-hidden="true" class="wp-block-spacer wp-container-content-4f2ccadb"></div>



<p class="has-text-align-center"><strong>Delmål 10 </strong>&#8211; Mindre ulikhet</p>



<p><strong>Delmål 13</strong> &#8211; Stoppe klimaendringene</p>



<p><strong>Delmål 16</strong> &#8211; Fred, rettferdighet og velfungerende institusjoner</p>
</div>



<div style="margin-top:0;margin-bottom:0;height:var(--wp--preset--spacing--40)" aria-hidden="true" class="wp-block-spacer"></div>



<div class="wp-block-columns alignwide is-layout-flex wp-container-core-columns-is-layout-d0bbbce0 wp-block-columns-is-layout-flex">
<div class="wp-block-column is-layout-flow wp-container-core-column-is-layout-e3d1c41b wp-block-column-is-layout-flow">
<h3 class="wp-block-heading has-text-align-left is-style-default has-body-font-family has-medium-font-size" style="font-style:normal;font-weight:600">Delmål 10</h3>



<p><a href="https://fn.no/om-fn/fns-baerekraftsmaal/mindre-ulikhet">Mindre ulikhet (fn.no)</a></p>



<p></p>
</div>



<div class="wp-block-column is-layout-flow wp-container-core-column-is-layout-e3d1c41b wp-block-column-is-layout-flow">
<h3 class="wp-block-heading has-text-align-left is-style-default has-body-font-family has-medium-font-size" style="font-style:normal;font-weight:600">Delmål 13</h3>



<p><a href="https://fn.no/om-fn/fns-baerekraftsmaal/stoppe-klimaendringene">Stoppe klimaendringene (fn.no)</a></p>



<p></p>
</div>



<div class="wp-block-column is-layout-flow wp-container-core-column-is-layout-e3d1c41b wp-block-column-is-layout-flow">
<h3 class="wp-block-heading has-text-align-left is-style-default has-body-font-family has-medium-font-size" style="font-style:normal;font-weight:600">Delmål 16</h3>



<p><a href="https://fn.no/om-fn/fns-baerekraftsmaal/fred-rettferdighet-og-velfungerende-institusjoner">Fred, rettferdighet og velfungerende institusjoner (fn.no)</a></p>
</div>
</div>



<div style="height:var(--wp--preset--spacing--20)" aria-hidden="true" class="wp-block-spacer"></div>



<div class="wp-block-columns alignwide is-layout-flex wp-container-core-columns-is-layout-d0bbbce0 wp-block-columns-is-layout-flex">
<div class="wp-block-column is-layout-flow wp-container-core-column-is-layout-e3d1c41b wp-block-column-is-layout-flow">
<h3 class="wp-block-heading has-text-align-left is-style-default has-body-font-family has-medium-font-size" style="font-style:normal;font-weight:600">Bærekraftsansvarlig </h3>



<p class="has-text-align-left">Daglig leder Compati</p>
</div>



<div class="wp-block-column is-layout-flow wp-container-core-column-is-layout-e3d1c41b wp-block-column-is-layout-flow">
<h3 class="wp-block-heading has-text-align-left is-style-default has-body-font-family has-medium-font-size" style="font-style:normal;font-weight:600">Miljøledelse</h3>



<p class="has-text-align-left">Compati jobber etter regler for god miljøledelse</p>
</div>



<div class="wp-block-column is-layout-flow wp-container-core-column-is-layout-e3d1c41b wp-block-column-is-layout-flow">
<h3 class="wp-block-heading has-text-align-left is-style-default has-body-font-family has-medium-font-size" style="font-style:normal;font-weight:600">&#8211;</h3>



<p class="has-text-align-left"></p>
</div>
</div>
</div>



<div class="wp-block-group alignfull has-global-padding is-layout-constrained wp-container-core-group-is-layout-d89aad35 wp-block-group-is-layout-constrained" style="margin-top:0;margin-bottom:0;padding-top:var(--wp--preset--spacing--50);padding-right:var(--wp--preset--spacing--50);padding-bottom:var(--wp--preset--spacing--50);padding-left:var(--wp--preset--spacing--50)"></div>

<p>Vårt ansvar din trygghet Å bidra til en mer bærekraftig fremtid er en del av vårt samfunnsansvar I Compati har vi forpliktet oss til FNs bærekrafts mål og har innrettet vår praksis etter prinsippene for god miljøledelse Våre delmål Delmål 10 &#8211; Mindre ulikhet Delmål 13 &#8211; Stoppe klimaendringene Delmål 16 &#8211; Fred, rettferdighet og [&hellip;]</p>
