{"id":3,"date":"2024-04-04T17:31:40","date_gmt":"2024-04-04T17:31:40","guid":{"rendered":"https:\/\/compati.no\/?page_id=3"},"modified":"2024-05-28T22:38:38","modified_gmt":"2024-05-28T21:38:38","slug":"privacy-policy","status":"publish","type":"page","link":"https:\/\/compati.no\/?page_id=3","title":{"rendered":"Personopplysninger"},"content":{"rendered":"\n<h2 class=\"wp-block-heading\">Form\u00e5l<\/h2>\n\n\n\n<p>Vi samler inn og bruker dine personopplysninger til ulike form\u00e5l avhengig av hvem du er og hvordan vi kommer i kontakt med deg. <\/p>\n\n\n\n<p>Behandlingsansvarlig for personopplysningene vi behandler, er Compati ved daglig leder.<\/p>\n\n\n\n<p>Vi samler inn f\u00f8lgende personopplysninger til form\u00e5lene angitt her:<\/p>\n\n\n\n<ul class=\"wp-block-list\">\n<li><strong>Etablering av kundeforhold og administrasjon av kundeforholdet.&nbsp;<\/strong>Det behandles i denne forbindelse kontaktinformasjon, dokumentasjon av identitet, betalingsopplysninger mv. Behandlingen skjer p\u00e5 grunnlag av GDPR artikkel 6 (1) bokstav b (behandlingen er n\u00f8dvendig for \u00e5 oppfylle en avtale som den registrerte er part i) for privatkunder, og GDPR artikkel 6 (1) bokstav f (behandlingen er n\u00f8dvendig for form\u00e5l knyttet til berettiget interesse) for kontaktpersoner for bedriftskunder og annet som behandles i tilknytning til bedriftskunder. I tillegg er Compati p\u00e5lagt rettslige forpliktelser i forbindelse med etablering av kundeforhold som hvitvaskingsloven \u00a7 4 (2) nr. 3, jf. \u00a7\u00a7 17 og 18, og behandler da etter GDPR artikkel 6 (1) c (behandlingen er n\u00f8dvendig for \u00e5 oppfylle en rettslig forpliktelse).<\/li>\n\n\n\n<li><strong>Saksh\u00e5ndtering<\/strong>. Det behandles i denne forbindelse personopplysninger som er n\u00f8dvendige i relasjon til den aktuelle saken. Behandlingen skjer p\u00e5 grunnlag av GDPR artikkel 6 (1) bokstav b (behandlingen er n\u00f8dvendig for \u00e5 oppfylle en avtale som den registrerte er part i) for privatkunder, og GDPR artikkel 6 (1) bokstav f (behandlingen er n\u00f8dvendig for form\u00e5l knyttet til berettiget interesse) for kontaktpersoner for bedriftskunder og annet som behandles i tilknytning til bedriftskunder.<\/li>\n<\/ul>\n\n\n\n<ol class=\"wp-block-list\">\n<li><strong>Informasjon om motparter og andre tredjeparter<\/strong>. Det behandles i denne forbindelse personopplysninger som er n\u00f8dvendige i relasjon til den aktuelle saken. Behandlingen skjer p\u00e5 grunnlag av GDPR artikkel 6 (1) bokstav f (behandlingen er n\u00f8dvendig for form\u00e5l knyttet til berettiget interesse). Vi har vurdert det slik at behandlingen er n\u00f8dvendig for \u00e5 l\u00f8se innkomne saker mest mulig effektivt i samsvar med kommersielle hensyn og god advokatskikk. Ved behandling av s\u00e6rlige kategorier av opplysninger har behandlingen rettslig grunnlag i GDPR artikkel 9 (2) bokstav f (fastsette, gj\u00f8re gjeldende eller forsvare rettskrav).<\/li>\n\n\n\n<li><strong>Straffedommer og lovovertredelser<\/strong>. Det behandles i denne forbindelse personopplysninger som er n\u00f8dvendige i relasjon til den aktuelle saken. Behandlingen skjer p\u00e5 grunnlag av GDPR artikkel 9 (2) bokstav f (fastsette, gj\u00f8re gjeldende eller forsvare rettskrav), samt en systembetraktning av straffeprosessloven og reglene for god advokatskikk punkt 2.3.<\/li>\n\n\n\n<li><strong>Lagring\/oppbevaring av saksdokumenter<\/strong>. Det behandles i denne forbindelse personopplysninger som er n\u00f8dvendige i relasjon til den aktuelle saken. Behandlingen skjer p\u00e5 grunnlag av rettslige forpliktelse til arkivering av p\u00e5g\u00e5ende og avsluttede saker.<\/li>\n\n\n\n<li><strong>Fakturering<\/strong>. Det behandles i denne forbindelse kontaktinformasjon og betalingsinformasjon. Behandlingen skjer p\u00e5 grunnlag av GDPR artikkel 6 (1) bokstav b (behandlingen er n\u00f8dvendig for \u00e5 oppfylle en avtale som den registrerte er part i) for privatkunder, og GDPR artikkel 6 (1) bokstav f (behandlingen er n\u00f8dvendig for form\u00e5l knyttet til berettiget interesse) for kontaktpersoner for bedriftskunder.<\/li>\n\n\n\n<li><strong>Utsendelse av markedsf\u00f8ring, nyhetsbrev og annen relevant informasjon&nbsp;<\/strong>om v\u00e5r virksomhet. I denne sammenheng behandles navn og e-postadresse. Behandlingen skjer p\u00e5 grunnlag av samtykke fra den som mottar markedsf\u00f8ringen etter markedsf\u00f8ringsloven \u00a7 15 som regel privatkunde eller kontaktperson hos en bedriftskunder.<\/li>\n\n\n\n<li><strong>Informasjon om potensielle kunder<\/strong>. I denne forbindelse behandles kontaktinformasjon. Behandlingen skjer p\u00e5 grunnlag av GDPR artikkel 6 (1) bokstav f (behandlingen er n\u00f8dvendig for form\u00e5l knyttet til berettiget interesse). Vi har vurdert det slik at behandlingen er n\u00f8dvendig for \u00e5 ivareta kommersielle hensyn ved v\u00e5r virksomhet.<\/li>\n\n\n\n<li><strong>Kunnskapsforvaltning&nbsp;<\/strong>(f.eks. gjenbruk av dokumenter i senere saker). Personopplysninger som behandles i denne sammenheng er personopplysninger som er n\u00f8dvendige i relasjon til den aktuelle saken. Behandlingen skjer p\u00e5 grunnlag av GDPR artikkel 6 (1) bokstav f (behandlingen er n\u00f8dvendig for form\u00e5l knyttet til berettiget interesse). Vi har vurdert det slik at behandlingen er n\u00f8dvendig for \u00e5 interne l\u00e6ringsprosesser og for \u00e5 arbeide mer effektivt.<\/li>\n\n\n\n<li><strong>Rekruttering<\/strong>. I denne sammenheng behandles CV, s\u00f8knad, attester, vitnem\u00e5l, uttalelser fra referanser, interne vurderinger\/intervjureferater, eventuelt personlighetstester og evnetester. Behandling av personopplysninger skjer p\u00e5 grunnlag av en avtale med den som s\u00f8ker stilling hos oss, dvs. GDPR artikkel 6 (1) bokstav b. Dersom vi beholder s\u00f8knadsdokumentasjon etter en rekrutteringsprosess er avsluttet skjer dette p\u00e5 grunnlag av samtykke fra den som s\u00f8ker stillingen, jf. GDPR artikkel 6 (1) bokstav a.<\/li>\n\n\n\n<li><strong>Sikkerhet<\/strong>. I denne forbindelse behandles logger p\u00e5 servere, avdekking, oppklaring og oppf\u00f8lgning av sikkerhetshendelser mv. Behandlingen skjer p\u00e5 grunnlag av GDPR artikkel 6 (1) bokstav f (behandlingen er n\u00f8dvendig for form\u00e5l knyttet til berettiget interesse). Vi har vurdert det slik at denne behandlingen er n\u00f8dvendig for \u00e5 ivareta informasjonssikkerhet og hindre uautorisert utlevering av personopplysninger.<\/li>\n\n\n\n<li><strong>Cookies, statistikkverkt\u00f8y og webanalyse.&nbsp;<\/strong>Innsamlede opplysninger vil kunne bli brukt til statistikk, drift, vedlikehold og forbedring av v\u00e5re nettsider. Compati bruker Google Analytics for \u00e5 samle inn og analysere informasjon om hvordan bes\u00f8kende bruker nettstedet. Google Analytics bruker informasjonskapsler (cookies). I tr\u00e5d med vanlig praksis p\u00e5 Internett registreres brukerens IP-adresse av nettstedet, men vi har ikke tilgang til personopplysninger eller kan knytte handlinger p\u00e5 nettstedet til enkelte personer. Du kan imidlertid i din nettleser blokkere og slette cookies.V\u00e5re underleverand\u00f8rer i forbindelse med drift av v\u00e5re nettsider, webanalyse samt markedsf\u00f8ringstiltak.<\/li>\n<\/ol>\n\n\n\n<h2 class=\"wp-block-heading\">Utlevering av personopplysninger til andre<\/h2>\n\n\n\n<p>Compati utleverer eller overf\u00f8rer ikke personopplysningene dine videre til andre med mindre det foreligger et lovlig grunnlag eller p\u00e5legg for slik utlevering. Eksempler p\u00e5 dette vil typisk v\u00e6re rettslig forpliktelser som p\u00e5legger oss \u00e5 gi ut informasjonen til motparter, domstoler eller offentlige organer. Dersom dette er tilfelle vil vi fors\u00f8ke \u00e5 varsle deg om dette er praktisk mulig.&nbsp;&nbsp;<\/p>\n\n\n\n<p>Compati bruker videre databehandlere til \u00e5 behandle personopplysninger p\u00e5 v\u00e5re vegne. I slike tilfeller har vi inng\u00e5tt avtaler for \u00e5 ivareta informasjonssikkerheten i alle ledd av behandlingen. Vi benytter oss av f\u00f8lgende databehandlere per i dag:<\/p>\n\n\n\n<ul class=\"wp-block-list\">\n<li>Tripletex AS<\/li>\n<\/ul>\n\n\n\n<p>All behandling av personopplysninger som vi foretar skjer innenfor EU\/E\u00d8S-omr\u00e5det.<\/p>\n\n\n\n<h2 class=\"wp-block-heading\">Epost og nettm\u00f8ter<\/h2>\n\n\n\n<p>Kommuniserer du elektronisk med oss via e-post eller nettm\u00f8te, s\u00e5 lagres det personopplysninger i v\u00e5re systemer for e-post og videokommunikasjon. Opplysningene slettes regelmessig n\u00e5r de ikke lenger er n\u00f8dvendig for form\u00e5let de er samlet inn for, eller s\u00e5 lenge vi er p\u00e5lagt \u00e5 lagre opplysningene i henhold til gjeldende lovverk.<\/p>\n\n\n\n<p>Behandlingsgrunnlaget for \u00e5 oppbevare disse opplysningene er personvernforordningens artikkel 6 nr. 1 (f), v\u00e5r berettigede interesse av \u00e5 lagre opplysningene for \u00e5 kunne dokumentere v\u00e5r hjelp og eventuelt bistand ved din henvendelse.<\/p>\n\n\n\n<p>Opplysninger som samles inn og oppbevares via elektronisk kommunikasjon vil omfattes av advokatvirksomheten.<\/p>\n\n\n\n<h2 class=\"wp-block-heading\">Lagringstid<\/h2>\n\n\n\n<p>Vi lagrer dine personopplysninger hos oss s\u00e5 lenge det er n\u00f8dvendig for det form\u00e5l personopplysningene ble samlet inn for. Dette betyr for eksempel at personopplysninger som vi behandler p\u00e5 grunnlag av ditt samtykke slettes, hvis du trekker ditt samtykke. Personopplysninger vi behandler for \u00e5 oppfylle en avtale med deg slettes n\u00e5r avtalen er oppfylt og alle plikter som f\u00f8lger av avtaleforholdet er oppfylt. Personopplysninger som vi behandler for \u00e5 oppfylle en rettslig forpliktelse fra myndighetene slettes n\u00e5r lovgrunnlaget bestemmer det. Dette gjelder for eksempel bokf\u00f8rings- og regnskapsregler.<\/p>\n\n\n\n<p>Kunde-administrasjon: Opptil 10 \u00e5r etter avslutning av siste sak<\/p>\n\n\n\n<p>Lagring\/oppbevaring av saksdokumenter: Opptil 10 \u00e5r etter avslutning av siste sak<\/p>\n\n\n\n<p>Faktureringsinformasjon: Opptil 5 \u00e5r etter utl\u00f8pet av det regnskaps\u00e5r fakturering ble foretatt<\/p>\n\n\n\n<p>Informasjon om potensielle kunder: Opptil 5 m\u00e5neder<\/p>\n\n\n\n<p>Kunnskapsforvaltning (f.eks. gjenbruk av dokumenter i senere saker): Opptil 10 \u00e5r<\/p>\n\n\n\n<p>Rekruttering: Opptil 3 m\u00e5neder etter utl\u00f8pt s\u00f8knadsfrist. Ved samtykke fra s\u00f8keren lagrer vi CV, s\u00f8knad, attester og vitnem\u00e5l i opptil 2 \u00e5r for bruk i nye, relevante stillingsutlysninger.<\/p>\n\n\n\n<p>Sikkerhetslogger: Opptil 1 \u00e5r<\/p>\n\n\n\n<p>Sikkerhetskopier (backup): Opptil 3 \u00e5r<\/p>\n\n\n\n<h2 class=\"wp-block-heading\">Dine rettigheter<\/h2>\n\n\n\n<p>Du har rett til \u00e5 kreve innsyn, retting eller sletting av personopplysningene vi behandler om deg. Du har videre rett til \u00e5 kreve begrenset behandling og p\u00e5 visse vilk\u00e5r rette innsigelse mot behandlingen. Du kan lese mer om disse rettighetene p\u00e5 Datatilsynets nettside:&nbsp;<a href=\"http:\/\/www.datatilsynet.no\/\">www.datatilsynet.no<\/a>.<\/p>\n\n\n\n<p>For \u00e5 ta i bruk dine rettigheter m\u00e5 du ta kontakt med oss p\u00e5 e-post eller telefon. Vi vil svare p\u00e5 din henvendelse s\u00e5 fort som mulig, og senest innen 30 dager. Vi vil be deg om \u00e5 bekrefte identiteten din eller \u00e5 oppgi ytterligere informasjon f\u00f8r vi lar deg ta i bruk dine rettigheter overfor oss. Dette gj\u00f8r vi for \u00e5 v\u00e6re sikre p\u00e5 at vi kun gir tilgang til dine personopplysninger til deg \u2013 og ikke noen som gir seg ut for \u00e5 v\u00e6re deg.<\/p>\n\n\n\n<p>Du kan til enhver tid trekke tilbake ditt samtykke for behandling av personopplysninger hos oss.<\/p>\n\n\n\n<h2 class=\"wp-block-heading\">Klage og endring<\/h2>\n\n\n\n<p>Dersom du mener at v\u00e5r behandling av personopplysninger ikke stemmer med det vi har beskrevet her eller at vi p\u00e5 andre m\u00e5ter bryter personvernlovgivningen, s\u00e5 kan du klage til Datatilsynet. Du finner informasjon om hvordan du kan kontakte Datatilsynet p\u00e5 Datatilsynets nettsider:&nbsp;<a href=\"http:\/\/www.datatilsynet.no\/\">www.datatilsynet.no<\/a>.<\/p>\n\n\n\n<p>Hvis det skulle skje endringer av v\u00e5re tjenester eller endringer i regelverket om behandling av personopplysninger, kan det medf\u00f8re forandring i informasjonen du er gitt her. Hvis vi har dine kontaktopplysninger, vil vi gj\u00f8re deg oppmerksom p\u00e5 disse forandringene, dersom det medf\u00f8rer store endringer for deg og dine opplysninger. I tillegg vil oppdatert informasjon alltid finnes lett tilgjengelig p\u00e5 v\u00e5r nettside.<\/p>\n","protected":false},"excerpt":{"rendered":"<p>Form\u00e5l Vi samler inn og bruker dine personopplysninger til ulike form\u00e5l avhengig av hvem du er og hvordan vi kommer i kontakt med deg. Behandlingsansvarlig for personopplysningene vi behandler, er Compati ved daglig leder. Vi samler inn f\u00f8lgende personopplysninger til form\u00e5lene angitt her: Utlevering av personopplysninger til andre Compati utleverer eller overf\u00f8rer ikke personopplysningene dine [&hellip;]<\/p>\n","protected":false},"author":1,"featured_media":58,"parent":0,"menu_order":0,"comment_status":"closed","ping_status":"open","template":"","meta":{"footnotes":""},"class_list":["post-3","page","type-page","status-publish","has-post-thumbnail","hentry"],"_links":{"self":[{"href":"https:\/\/compati.no\/index.php?rest_route=\/wp\/v2\/pages\/3","targetHints":{"allow":["GET"]}}],"collection":[{"href":"https:\/\/compati.no\/index.php?rest_route=\/wp\/v2\/pages"}],"about":[{"href":"https:\/\/compati.no\/index.php?rest_route=\/wp\/v2\/types\/page"}],"author":[{"embeddable":true,"href":"https:\/\/compati.no\/index.php?rest_route=\/wp\/v2\/users\/1"}],"replies":[{"embeddable":true,"href":"https:\/\/compati.no\/index.php?rest_route=%2Fwp%2Fv2%2Fcomments&post=3"}],"version-history":[{"count":3,"href":"https:\/\/compati.no\/index.php?rest_route=\/wp\/v2\/pages\/3\/revisions"}],"predecessor-version":[{"id":104,"href":"https:\/\/compati.no\/index.php?rest_route=\/wp\/v2\/pages\/3\/revisions\/104"}],"wp:featuredmedia":[{"embeddable":true,"href":"https:\/\/compati.no\/index.php?rest_route=\/wp\/v2\/media\/58"}],"wp:attachment":[{"href":"https:\/\/compati.no\/index.php?rest_route=%2Fwp%2Fv2%2Fmedia&parent=3"}],"curies":[{"name":"wp","href":"https:\/\/api.w.org\/{rel}","templated":true}]}}

<h2 class="wp-block-heading">Formål</h2>



<p>Vi samler inn og bruker dine personopplysninger til ulike formål avhengig av hvem du er og hvordan vi kommer i kontakt med deg. </p>



<p>Behandlingsansvarlig for personopplysningene vi behandler, er Compati ved daglig leder.</p>



<p>Vi samler inn følgende personopplysninger til formålene angitt her:</p>



<ul class="wp-block-list">
<li><strong>Etablering av kundeforhold og administrasjon av kundeforholdet.&nbsp;</strong>Det behandles i denne forbindelse kontaktinformasjon, dokumentasjon av identitet, betalingsopplysninger mv. Behandlingen skjer på grunnlag av GDPR artikkel 6 (1) bokstav b (behandlingen er nødvendig for å oppfylle en avtale som den registrerte er part i) for privatkunder, og GDPR artikkel 6 (1) bokstav f (behandlingen er nødvendig for formål knyttet til berettiget interesse) for kontaktpersoner for bedriftskunder og annet som behandles i tilknytning til bedriftskunder. I tillegg er Compati pålagt rettslige forpliktelser i forbindelse med etablering av kundeforhold som hvitvaskingsloven § 4 (2) nr. 3, jf. §§ 17 og 18, og behandler da etter GDPR artikkel 6 (1) c (behandlingen er nødvendig for å oppfylle en rettslig forpliktelse).</li>



<li><strong>Sakshåndtering</strong>. Det behandles i denne forbindelse personopplysninger som er nødvendige i relasjon til den aktuelle saken. Behandlingen skjer på grunnlag av GDPR artikkel 6 (1) bokstav b (behandlingen er nødvendig for å oppfylle en avtale som den registrerte er part i) for privatkunder, og GDPR artikkel 6 (1) bokstav f (behandlingen er nødvendig for formål knyttet til berettiget interesse) for kontaktpersoner for bedriftskunder og annet som behandles i tilknytning til bedriftskunder.</li>
</ul>



<ol class="wp-block-list">
<li><strong>Informasjon om motparter og andre tredjeparter</strong>. Det behandles i denne forbindelse personopplysninger som er nødvendige i relasjon til den aktuelle saken. Behandlingen skjer på grunnlag av GDPR artikkel 6 (1) bokstav f (behandlingen er nødvendig for formål knyttet til berettiget interesse). Vi har vurdert det slik at behandlingen er nødvendig for å løse innkomne saker mest mulig effektivt i samsvar med kommersielle hensyn og god advokatskikk. Ved behandling av særlige kategorier av opplysninger har behandlingen rettslig grunnlag i GDPR artikkel 9 (2) bokstav f (fastsette, gjøre gjeldende eller forsvare rettskrav).</li>



<li><strong>Straffedommer og lovovertredelser</strong>. Det behandles i denne forbindelse personopplysninger som er nødvendige i relasjon til den aktuelle saken. Behandlingen skjer på grunnlag av GDPR artikkel 9 (2) bokstav f (fastsette, gjøre gjeldende eller forsvare rettskrav), samt en systembetraktning av straffeprosessloven og reglene for god advokatskikk punkt 2.3.</li>



<li><strong>Lagring/oppbevaring av saksdokumenter</strong>. Det behandles i denne forbindelse personopplysninger som er nødvendige i relasjon til den aktuelle saken. Behandlingen skjer på grunnlag av rettslige forpliktelse til arkivering av pågående og avsluttede saker.</li>



<li><strong>Fakturering</strong>. Det behandles i denne forbindelse kontaktinformasjon og betalingsinformasjon. Behandlingen skjer på grunnlag av GDPR artikkel 6 (1) bokstav b (behandlingen er nødvendig for å oppfylle en avtale som den registrerte er part i) for privatkunder, og GDPR artikkel 6 (1) bokstav f (behandlingen er nødvendig for formål knyttet til berettiget interesse) for kontaktpersoner for bedriftskunder.</li>



<li><strong>Utsendelse av markedsføring, nyhetsbrev og annen relevant informasjon&nbsp;</strong>om vår virksomhet. I denne sammenheng behandles navn og e-postadresse. Behandlingen skjer på grunnlag av samtykke fra den som mottar markedsføringen etter markedsføringsloven § 15 som regel privatkunde eller kontaktperson hos en bedriftskunder.</li>



<li><strong>Informasjon om potensielle kunder</strong>. I denne forbindelse behandles kontaktinformasjon. Behandlingen skjer på grunnlag av GDPR artikkel 6 (1) bokstav f (behandlingen er nødvendig for formål knyttet til berettiget interesse). Vi har vurdert det slik at behandlingen er nødvendig for å ivareta kommersielle hensyn ved vår virksomhet.</li>



<li><strong>Kunnskapsforvaltning&nbsp;</strong>(f.eks. gjenbruk av dokumenter i senere saker). Personopplysninger som behandles i denne sammenheng er personopplysninger som er nødvendige i relasjon til den aktuelle saken. Behandlingen skjer på grunnlag av GDPR artikkel 6 (1) bokstav f (behandlingen er nødvendig for formål knyttet til berettiget interesse). Vi har vurdert det slik at behandlingen er nødvendig for å interne læringsprosesser og for å arbeide mer effektivt.</li>



<li><strong>Rekruttering</strong>. I denne sammenheng behandles CV, søknad, attester, vitnemål, uttalelser fra referanser, interne vurderinger/intervjureferater, eventuelt personlighetstester og evnetester. Behandling av personopplysninger skjer på grunnlag av en avtale med den som søker stilling hos oss, dvs. GDPR artikkel 6 (1) bokstav b. Dersom vi beholder søknadsdokumentasjon etter en rekrutteringsprosess er avsluttet skjer dette på grunnlag av samtykke fra den som søker stillingen, jf. GDPR artikkel 6 (1) bokstav a.</li>



<li><strong>Sikkerhet</strong>. I denne forbindelse behandles logger på servere, avdekking, oppklaring og oppfølgning av sikkerhetshendelser mv. Behandlingen skjer på grunnlag av GDPR artikkel 6 (1) bokstav f (behandlingen er nødvendig for formål knyttet til berettiget interesse). Vi har vurdert det slik at denne behandlingen er nødvendig for å ivareta informasjonssikkerhet og hindre uautorisert utlevering av personopplysninger.</li>



<li><strong>Cookies, statistikkverktøy og webanalyse.&nbsp;</strong>Innsamlede opplysninger vil kunne bli brukt til statistikk, drift, vedlikehold og forbedring av våre nettsider. Compati bruker Google Analytics for å samle inn og analysere informasjon om hvordan besøkende bruker nettstedet. Google Analytics bruker informasjonskapsler (cookies). I tråd med vanlig praksis på Internett registreres brukerens IP-adresse av nettstedet, men vi har ikke tilgang til personopplysninger eller kan knytte handlinger på nettstedet til enkelte personer. Du kan imidlertid i din nettleser blokkere og slette cookies.Våre underleverandører i forbindelse med drift av våre nettsider, webanalyse samt markedsføringstiltak.</li>
</ol>



<h2 class="wp-block-heading">Utlevering av personopplysninger til andre</h2>



<p>Compati utleverer eller overfører ikke personopplysningene dine videre til andre med mindre det foreligger et lovlig grunnlag eller pålegg for slik utlevering. Eksempler på dette vil typisk være rettslig forpliktelser som pålegger oss å gi ut informasjonen til motparter, domstoler eller offentlige organer. Dersom dette er tilfelle vil vi forsøke å varsle deg om dette er praktisk mulig.&nbsp;&nbsp;</p>



<p>Compati bruker videre databehandlere til å behandle personopplysninger på våre vegne. I slike tilfeller har vi inngått avtaler for å ivareta informasjonssikkerheten i alle ledd av behandlingen. Vi benytter oss av følgende databehandlere per i dag:</p>



<ul class="wp-block-list">
<li>Tripletex AS</li>
</ul>



<p>All behandling av personopplysninger som vi foretar skjer innenfor EU/EØS-området.</p>



<h2 class="wp-block-heading">Epost og nettmøter</h2>



<p>Kommuniserer du elektronisk med oss via e-post eller nettmøte, så lagres det personopplysninger i våre systemer for e-post og videokommunikasjon. Opplysningene slettes regelmessig når de ikke lenger er nødvendig for formålet de er samlet inn for, eller så lenge vi er pålagt å lagre opplysningene i henhold til gjeldende lovverk.</p>



<p>Behandlingsgrunnlaget for å oppbevare disse opplysningene er personvernforordningens artikkel 6 nr. 1 (f), vår berettigede interesse av å lagre opplysningene for å kunne dokumentere vår hjelp og eventuelt bistand ved din henvendelse.</p>



<p>Opplysninger som samles inn og oppbevares via elektronisk kommunikasjon vil omfattes av advokatvirksomheten.</p>



<h2 class="wp-block-heading">Lagringstid</h2>



<p>Vi lagrer dine personopplysninger hos oss så lenge det er nødvendig for det formål personopplysningene ble samlet inn for. Dette betyr for eksempel at personopplysninger som vi behandler på grunnlag av ditt samtykke slettes, hvis du trekker ditt samtykke. Personopplysninger vi behandler for å oppfylle en avtale med deg slettes når avtalen er oppfylt og alle plikter som følger av avtaleforholdet er oppfylt. Personopplysninger som vi behandler for å oppfylle en rettslig forpliktelse fra myndighetene slettes når lovgrunnlaget bestemmer det. Dette gjelder for eksempel bokførings- og regnskapsregler.</p>



<p>Kunde-administrasjon: Opptil 10 år etter avslutning av siste sak</p>



<p>Lagring/oppbevaring av saksdokumenter: Opptil 10 år etter avslutning av siste sak</p>



<p>Faktureringsinformasjon: Opptil 5 år etter utløpet av det regnskapsår fakturering ble foretatt</p>



<p>Informasjon om potensielle kunder: Opptil 5 måneder</p>



<p>Kunnskapsforvaltning (f.eks. gjenbruk av dokumenter i senere saker): Opptil 10 år</p>



<p>Rekruttering: Opptil 3 måneder etter utløpt søknadsfrist. Ved samtykke fra søkeren lagrer vi CV, søknad, attester og vitnemål i opptil 2 år for bruk i nye, relevante stillingsutlysninger.</p>



<p>Sikkerhetslogger: Opptil 1 år</p>



<p>Sikkerhetskopier (backup): Opptil 3 år</p>



<h2 class="wp-block-heading">Dine rettigheter</h2>



<p>Du har rett til å kreve innsyn, retting eller sletting av personopplysningene vi behandler om deg. Du har videre rett til å kreve begrenset behandling og på visse vilkår rette innsigelse mot behandlingen. Du kan lese mer om disse rettighetene på Datatilsynets nettside:&nbsp;<a href="http://www.datatilsynet.no/">www.datatilsynet.no</a>.</p>



<p>For å ta i bruk dine rettigheter må du ta kontakt med oss på e-post eller telefon. Vi vil svare på din henvendelse så fort som mulig, og senest innen 30 dager. Vi vil be deg om å bekrefte identiteten din eller å oppgi ytterligere informasjon før vi lar deg ta i bruk dine rettigheter overfor oss. Dette gjør vi for å være sikre på at vi kun gir tilgang til dine personopplysninger til deg – og ikke noen som gir seg ut for å være deg.</p>



<p>Du kan til enhver tid trekke tilbake ditt samtykke for behandling av personopplysninger hos oss.</p>



<h2 class="wp-block-heading">Klage og endring</h2>



<p>Dersom du mener at vår behandling av personopplysninger ikke stemmer med det vi har beskrevet her eller at vi på andre måter bryter personvernlovgivningen, så kan du klage til Datatilsynet. Du finner informasjon om hvordan du kan kontakte Datatilsynet på Datatilsynets nettsider:&nbsp;<a href="http://www.datatilsynet.no/">www.datatilsynet.no</a>.</p>



<p>Hvis det skulle skje endringer av våre tjenester eller endringer i regelverket om behandling av personopplysninger, kan det medføre forandring i informasjonen du er gitt her. Hvis vi har dine kontaktopplysninger, vil vi gjøre deg oppmerksom på disse forandringene, dersom det medfører store endringer for deg og dine opplysninger. I tillegg vil oppdatert informasjon alltid finnes lett tilgjengelig på vår nettside.</p>

<p>Formål Vi samler inn og bruker dine personopplysninger til ulike formål avhengig av hvem du er og hvordan vi kommer i kontakt med deg. Behandlingsansvarlig for personopplysningene vi behandler, er Compati ved daglig leder. Vi samler inn følgende personopplysninger til formålene angitt her: Utlevering av personopplysninger til andre Compati utleverer eller overfører ikke personopplysningene dine [&hellip;]</p>
